{"id":4361,"date":"2025-11-09T21:42:35","date_gmt":"2025-11-09T20:42:35","guid":{"rendered":"https:\/\/www.zck.be\/?page_id=4361"},"modified":"2025-11-09T21:42:35","modified_gmt":"2025-11-09T20:42:35","slug":"eindejaarsverkoop-2025","status":"publish","type":"page","link":"https:\/\/www.zck.be\/index.php\/eindejaarsverkoop-2025\/","title":{"rendered":"Eindejaarsverkoop 2025"},"content":{"rendered":"\n<p>ZCK houdt ook dit jaar een eindejaarsverkoop!<\/p>\n\n\n\n<p>We hebben veel lekkers \ud83d\ude42<\/p>\n\n\n\n<figure class=\"wp-block-table\"><table class=\"has-fixed-layout\"><tbody><tr><td><strong>Cappuccino &#8211; 175gr<\/strong><br>Truffelvulling met koffiesmaak omhuld met een laagje chocolade en witte chocolade schilfers<\/td><td><img decoding=\"async\" src=\"https:\/\/www.zck.be\/wp-content\/uploads\/2025\/11\/cappuccino.png\" alt=\"\"><\/td><\/tr><tr><td><strong>Noir &#8211; 175gr<\/strong><br>Truffelvulling omhuld met een laagje chocolade en pure chocoladeschilfers<\/td><td><img decoding=\"async\" src=\"https:\/\/www.zck.be\/wp-content\/uploads\/2025\/11\/noir.png\" alt=\"\"><\/td><\/tr><tr><td><strong>Truffes &#8211; 150gr<\/strong><br>Truffelvulling omhuld met een laagje chocolade, gerold in cacaopoeder<\/td><td><img decoding=\"async\" src=\"https:\/\/www.zck.be\/wp-content\/uploads\/2025\/11\/truffes.png\" alt=\"\"><\/td><\/tr><tr><td><strong>Truffines &#8211; 175gr<\/strong><br>Truffelvulling omhuld met een laagje chocolade en melk chocoladeschilfers<\/td><td><img decoding=\"async\" src=\"https:\/\/www.zck.be\/wp-content\/uploads\/2025\/11\/truffines.png\" alt=\"\"><\/td><\/tr><tr><td><strong>Borrelpakket<\/strong><br>Tortilla chips, Dipsaus, Borrelnootjes paprika, Chips naturel, Popcorn zoet, Aperitiefstengels kaas, Cocktail-worstjes<\/td><td><img loading=\"lazy\" decoding=\"async\" width=\"101\" height=\"101\" class=\"wp-image-4103\" style=\"width: 101px;\" src=\"https:\/\/www.zck.be\/wp-content\/uploads\/2024\/11\/image.png\" alt=\"\"><\/td><\/tr><tr><td><strong>Koekjespakket Lotus<\/strong><br>15 individueel verpakte koekjes: Marshmallow,  Zebra, Carr\u00e9 confiture, Tartelice appel, Madeleine, Madeleine choco, Frangipane, Dinosaurus koek, Luikse wafel, Luikse wafel choco, Speculoos, Speculoos choco, Suzy wafel, Vanille wafel choco,  Krokante wafel<\/td><td><img loading=\"lazy\" decoding=\"async\" width=\"102\" height=\"102\" class=\"wp-image-4104\" style=\"width: px;\" src=\"https:\/\/www.zck.be\/wp-content\/uploads\/2024\/11\/image-1.png\" alt=\"\"><\/td><\/tr><tr><td><strong>Cava Mas Geroni (brut)<\/strong><br>Spaanse mousserende wijn gemaakt van druivensoort Macabeo, Parellada en Xarello. Frisse en fruitige cava met veel citrus-en groene appeltinten die zowel in de geur als in smaak terug te vinden zijn. Deze cava heeft een zeer fijne pareling.<br>Ideaal als aperitief, bij tapas, koude en warme hapjes en bij fijne visgerechten.<br>Serveren op een temperatuur van 8-10\u00b0C<\/td><td><img loading=\"lazy\" decoding=\"async\" width=\"113\" height=\"264\" class=\"wp-image-4328\" style=\"width: 113px;\" src=\"https:\/\/www.zck.be\/wp-content\/uploads\/2025\/11\/cava-geroni.png\" alt=\"\" srcset=\"https:\/\/www.zck.be\/wp-content\/uploads\/2025\/11\/cava-geroni.png 137w, https:\/\/www.zck.be\/wp-content\/uploads\/2025\/11\/cava-geroni-128x300.png 128w\" sizes=\"auto, (max-width: 113px) 100vw, 113px\" \/><\/td><\/tr><tr><td><strong>Rode wijn: Cabernet Sauvignon <\/strong><br>Franse rode wijn van H\u00e9ritage le Val<br>Een zachte rode wijn, gemaakt van de Cabernet Sauvignon druiven. De wijn heeft verfijnde smaken van rood fruit, munt, rijpe peper en licht rokerige tonen.<br>Heerlijk bij gegrild vlees en diverse machtige pasta&#8217;s. Ideaal te serveren op een temperatuur van 16-18\u00b0C.<\/td><td><img loading=\"lazy\" decoding=\"async\" width=\"100\" height=\"253\" class=\"wp-image-4329\" style=\"width: 100px;\" src=\"https:\/\/www.zck.be\/wp-content\/uploads\/2025\/11\/wijn_rood_heritage.png\" alt=\"\" srcset=\"https:\/\/www.zck.be\/wp-content\/uploads\/2025\/11\/wijn_rood_heritage.png 207w, https:\/\/www.zck.be\/wp-content\/uploads\/2025\/11\/wijn_rood_heritage-119x300.png 119w\" sizes=\"auto, (max-width: 100px) 100vw, 100px\" \/><\/td><\/tr><tr><td><strong>Rode wijn: Cabernet Syrah<\/strong><br>Franse rode wijn van Laurent Miquel P\u00e8re &amp; Fils<br>Een zachte, kruidige wijn, gemaakt van de klassieke Cabernet Sauvignondruif uit Bordeaux en de Syrahdruif die een zuiderse toets geeft aan de wijn.<br>Komt extra tot zijn recht bij het serveren van wildgerechten en gebraden rood vlees, dankzij de aroma\u2019s van rijp rood fruit met tinten van peper en zoethout.<br>Te serveren op een temperatuur van 14-16\u00b0C<\/td><td><img loading=\"lazy\" decoding=\"async\" width=\"100\" height=\"300\" class=\"wp-image-4330\" style=\"width: 100px;\" src=\"https:\/\/www.zck.be\/wp-content\/uploads\/2025\/11\/wijn_rood_laurent.png\" alt=\"\" srcset=\"https:\/\/www.zck.be\/wp-content\/uploads\/2025\/11\/wijn_rood_laurent.png 161w, https:\/\/www.zck.be\/wp-content\/uploads\/2025\/11\/wijn_rood_laurent-100x300.png 100w\" sizes=\"auto, (max-width: 100px) 100vw, 100px\" \/><\/td><\/tr><tr><td><strong>Ros\u00e9 wijn: Reserv\u00e9 Syrah Ros\u00e9<\/strong><br>Franse ros\u00e9 wijn van St. Martin<br>Een frisse, lichte zachte ros\u00e9 wijn met aroma\u2019s van frambozen, bessen en aardbeien. Gemaakt van de<br>Syrah druif uit de streek Languedoc-Roussillon.<br>Deze wijn is lekker in combinatie met vis (sushi, zalm), kip, salades en lichte kazen. Ook uitstekend als aperitief.<\/td><td><img loading=\"lazy\" decoding=\"async\" width=\"100\" height=\"339\" class=\"wp-image-4333\" style=\"width: 100px;\" src=\"https:\/\/www.zck.be\/wp-content\/uploads\/2025\/11\/wijn_rose_martin.png\" alt=\"\"><\/td><\/tr><tr><td><strong>Ros\u00e9 wijn: Cinsault Syrah<\/strong><br>Franse ros\u00e9 wijn van Laurent Miquel P\u00e8re &amp; Fils<br>Een droge, licht fruitige ros\u00e9 wijn met aroma\u2019s van aardbei en rode bessen. Gemaakt van de druivenrassen Cinsault en Syrah. De smaak is karaktervol: elegant, fris, fruiting en subtiel.<br>Uitstekend bij tapas alsook lichte vlees- en visgerechten. Te serveren op een temperatuur van 8-10\u00b0C<\/td><td><img loading=\"lazy\" decoding=\"async\" width=\"100\" height=\"291\" class=\"wp-image-4332\" style=\"width: 100px;\" src=\"https:\/\/www.zck.be\/wp-content\/uploads\/2025\/11\/wijn_rose_laurent.png\" alt=\"\" srcset=\"https:\/\/www.zck.be\/wp-content\/uploads\/2025\/11\/wijn_rose_laurent.png 162w, https:\/\/www.zck.be\/wp-content\/uploads\/2025\/11\/wijn_rose_laurent-103x300.png 103w\" sizes=\"auto, (max-width: 100px) 100vw, 100px\" \/><\/td><\/tr><tr><td><strong>Witte wijn: R\u00e9serve Chardonnay<\/strong><br>Franse witte wijn van St. Martin<br>Een zachte en fruitige wijn, met een frisse touch van citrus. De wijn krijgt wat body door de aanwezigheid van rijpe perzik en iets van hazelnoten. Verrassend rijkelijk van smaak! Gemaakt uit de Chardonnay druiven.<br>Een wijn die zich leent voor elke gelegenheid, bij de borrel of het aperitief. Maar ook bij gerechten met vis (met saus), kip, wit vlees, salades of lichte kazen.<\/td><td><img loading=\"lazy\" decoding=\"async\" width=\"100\" height=\"299\" class=\"wp-image-4336\" style=\"width: 100px;\" src=\"https:\/\/www.zck.be\/wp-content\/uploads\/2025\/11\/wijn_wit_martin.png\" alt=\"\" srcset=\"https:\/\/www.zck.be\/wp-content\/uploads\/2025\/11\/wijn_wit_martin.png 145w, https:\/\/www.zck.be\/wp-content\/uploads\/2025\/11\/wijn_wit_martin-100x300.png 100w\" sizes=\"auto, (max-width: 100px) 100vw, 100px\" \/><\/td><\/tr><tr><td><strong>Witte wijn: Chardonnay Viognier<\/strong><br>Franse witte wijn van Laurent Miquel P\u00e8re &amp; Fils<br>Een droge en frisse wijn, met een fruitige perzik- en citrusgeur. Een mooie combinatie van de druivensoorten Chardonnay en Viognier.<br>Heerlijk bij lichte vlees-en visgerechten, salades en gevogelte. Ideaal te serveren op een temperatuur van 12\u00b0C.<\/td><td><img loading=\"lazy\" decoding=\"async\" width=\"100\" height=\"278\" class=\"wp-image-4335\" style=\"width: 100px;\" src=\"https:\/\/www.zck.be\/wp-content\/uploads\/2025\/11\/wijn_wit_laurent.png\" alt=\"\" srcset=\"https:\/\/www.zck.be\/wp-content\/uploads\/2025\/11\/wijn_wit_laurent.png 173w, https:\/\/www.zck.be\/wp-content\/uploads\/2025\/11\/wijn_wit_laurent-108x300.png 108w\" sizes=\"auto, (max-width: 100px) 100vw, 100px\" \/><\/td><\/tr><tr><td><strong>Style Coffee &#8211; 250gr<\/strong><br>Koffie Martinas, gemalen<\/td><td><img loading=\"lazy\" decoding=\"async\" width=\"150\" height=\"208\" class=\"wp-image-4323\" style=\"width: 150px;\" src=\"https:\/\/www.zck.be\/wp-content\/uploads\/2025\/11\/koffie.png\" alt=\"\" srcset=\"https:\/\/www.zck.be\/wp-content\/uploads\/2025\/11\/koffie.png 471w, https:\/\/www.zck.be\/wp-content\/uploads\/2025\/11\/koffie-216x300.png 216w\" sizes=\"auto, (max-width: 150px) 100vw, 150px\" \/><\/td><\/tr><tr><td><strong>Style Coffee &#8211; 250gr<\/strong><br>Koffie Martinas, bonen<\/td><td><img loading=\"lazy\" decoding=\"async\" width=\"150\" height=\"208\" class=\"wp-image-4323\" style=\"width: 150px;\" src=\"https:\/\/www.zck.be\/wp-content\/uploads\/2025\/11\/koffie.png\" alt=\"\" srcset=\"https:\/\/www.zck.be\/wp-content\/uploads\/2025\/11\/koffie.png 471w, https:\/\/www.zck.be\/wp-content\/uploads\/2025\/11\/koffie-216x300.png 216w\" sizes=\"auto, (max-width: 150px) 100vw, 150px\" \/><\/td><\/tr><tr><td><strong>Cadeaupakket Style coffee en ambachtelijke speculoos in geschenkverpakking<\/strong><br>1x pak 250gr gemalen koffie Martinas en 1x pak 250gr gemalen koffie feestmelange.<br>1x pak 225gr ambachtelijke speculoos<\/td><td><img loading=\"lazy\" decoding=\"async\" width=\"150\" height=\"157\" class=\"wp-image-4324\" style=\"width: 150px;\" src=\"https:\/\/www.zck.be\/wp-content\/uploads\/2025\/11\/koffiepakket.png\" alt=\"\" srcset=\"https:\/\/www.zck.be\/wp-content\/uploads\/2025\/11\/koffiepakket.png 691w, https:\/\/www.zck.be\/wp-content\/uploads\/2025\/11\/koffiepakket-286x300.png 286w\" sizes=\"auto, (max-width: 150px) 100vw, 150px\" \/><\/td><\/tr><tr><td><strong>Cadeaupakket Style coffee en ambachtelijke speculoos in geschenkverpakking<\/strong><br>1x pak 250gr koffiebonen Martinas en 1x pak 250gr koffiebonen feestmelange.<br>1x pak 225gr ambachtelijke speculoos<\/td><td><img loading=\"lazy\" decoding=\"async\" width=\"150\" height=\"157\" class=\"wp-image-4324\" style=\"width: 150px;\" src=\"https:\/\/www.zck.be\/wp-content\/uploads\/2025\/11\/koffiepakket.png\" alt=\"\" srcset=\"https:\/\/www.zck.be\/wp-content\/uploads\/2025\/11\/koffiepakket.png 691w, https:\/\/www.zck.be\/wp-content\/uploads\/2025\/11\/koffiepakket-286x300.png 286w\" sizes=\"auto, (max-width: 150px) 100vw, 150px\" \/><\/td><\/tr><\/tbody><\/table><\/figure>\n\n\n\n<p><a href=\"https:\/\/app.assistonline.eu\/mvc\/activity?key=210c8b5e-1438-4386-9b46-ceb3d79baeb8\" data-type=\"link\" data-id=\"https:\/\/app.assistonline.eu\/mvc\/activity?key=210c8b5e-1438-4386-9b46-ceb3d79baeb8\" target=\"_blank\" rel=\"noreferrer noopener\">Bestellen kan online<\/a> tot en met 30 november 2025 tot 20u00.<\/p>\n\n\n\n<p>Afhalen kan op donderdag 18 december 2025 en vrijdag 19 december 2025, telkens achteraan in het cafetaria van het zwembad (Marktplein 27, Kapelle-op-den-Bos) van 19u00 tot 21u00.<\/p>\n\n\n\n<p>Ook afhalen mogelijk op zaterdag 20 december 2025 van 9u tot 11u en van 18u30 tot 19u30.<\/p>\n","protected":false},"excerpt":{"rendered":"<p>ZCK houdt ook dit jaar een eindejaarsverkoop! We hebben veel lekkers \ud83d\ude42 Cappuccino &#8211; 175grTruffelvulling met koffiesmaak omhuld met een laagje chocolade en witte chocolade schilfers Noir &#8211; 175grTruffelvulling omhuld met een laagje chocolade en pure chocoladeschilfers Truffes &#8211; 150grTruffelvulling omhuld met een laagje chocolade, gerold in cacaopoeder Truffines &#8211; 175grTruffelvulling omhuld met een laagje [&hellip;]<\/p>\n","protected":false},"author":4,"featured_media":0,"parent":0,"menu_order":0,"comment_status":"closed","ping_status":"closed","template":"","meta":{"footnotes":""},"class_list":["post-4361","page","type-page","status-publish","hentry"],"_links":{"self":[{"href":"https:\/\/www.zck.be\/index.php\/wp-json\/wp\/v2\/pages\/4361","targetHints":{"allow":["GET"]}}],"collection":[{"href":"https:\/\/www.zck.be\/index.php\/wp-json\/wp\/v2\/pages"}],"about":[{"href":"https:\/\/www.zck.be\/index.php\/wp-json\/wp\/v2\/types\/page"}],"author":[{"embeddable":true,"href":"https:\/\/www.zck.be\/index.php\/wp-json\/wp\/v2\/users\/4"}],"replies":[{"embeddable":true,"href":"https:\/\/www.zck.be\/index.php\/wp-json\/wp\/v2\/comments?post=4361"}],"version-history":[{"count":2,"href":"https:\/\/www.zck.be\/index.php\/wp-json\/wp\/v2\/pages\/4361\/revisions"}],"predecessor-version":[{"id":4367,"href":"https:\/\/www.zck.be\/index.php\/wp-json\/wp\/v2\/pages\/4361\/revisions\/4367"}],"wp:attachment":[{"href":"https:\/\/www.zck.be\/index.php\/wp-json\/wp\/v2\/media?parent=4361"}],"curies":[{"name":"wp","href":"https:\/\/api.w.org\/{rel}","templated":true}]}}